 + 17 - j. List the prime factors of v.
2, 3
Suppose -5*x + 5*b = -1635, 2*x = 6*b - b + 660. What are the prime factors of x?
5, 13
Suppose -4*i = -12, 5*m = 3*m - 3*i + 9. Suppose -h - 1 - 2 = m, 0 = -2*d - 5*h + 47. What are the prime factors of d?
31
Let r be 0 + (4 + 0)*1. Let j(t) = 69*t - 8. What are the prime factors of j(r)?
2, 67
Let s(w) be the third derivative of w**5/60 + 5*w**4/12 + 5*w**3/6 - 2*w**2. Let h = -39 + 29. List the prime factors of s(h).
5
Let y = 4623 - 2285. What are the prime factors of y?
2, 7, 167
Let b = 2806 - 970. List the prime factors of b.
2, 3, 17
Suppose -5*l + 13 = 8, -2*p = 2*l - 1480. List the prime factors of p.
739
Let k be 9/(2 - 3 - -2). Suppose 0 = 7*l - k*l + 166. List the prime factors of l.
83
Let f(p) = -31*p + 94. What are the prime factors of f(-9)?
373
What are the prime factors of (6 + (-165)/10)/(2/(-76))?
3, 7, 19
Let n(u) = 8*u**2 - u + 9. Let x be n(3). Suppose 0 = 5*t - 82 - x. What are the prime factors of t?
2
Let w(z) = 28*z**3 - z**2. Suppose 2*b + 3*b = 25. Suppose b*f = 1 + 4. List the prime factors of w(f).
3
Suppose -406 - 272 = 3*a. Let u be (-8)/56 + a/(-14). Suppose -4*c + u = -20. What are the prime factors of c?
3
Suppose -6*y = -12*y + 2580. What are the prime factors of y?
2, 5, 43
Suppose -10*j - 957 = -l - 14*j, 3*l - 5*j = 2871. What are the prime factors of l?
3, 11, 29
Suppose 7*u = -11*u + 33948. List the prime factors of u.
2, 23, 41
Suppose -3*k + 1723 = 2*n, -2305 = -11*k + 7*k + 5*n. What are the prime factors of k?
5, 23
Suppose 5*u + 4*g - 16 = 2*g, 0 = 3*g + 6. Suppose -2*h - u*h + 138 = 0. List the prime factors of h.
23
List the prime factors of (1380/(-16))/((-4)/32).
2, 3, 5, 23
Let b(x) = -6*x**2 + 6*x + 5. Let v(p) = 5*p**2 - 5*p - 4. Let u(z) = -4*b(z) - 5*v(z). Let n be u(2). List the prime factors of n*2*(-91)/14.
2, 13
Let h(b) = b**3 + 23*b**2 + 18*b + 17. List the prime factors of h(-15).
7, 13, 17
Suppose 1 = -3*f - 5. Let u be -6 + 4 - -4 - f. Suppose 0 = -4*t - u*i + 232, -3*i + 14 + 1 = 0. List the prime factors of t.
53
Suppose 5*r - 1053 = 482. List the prime factors of r.
307
Let t be (-3)/(2 + -3) + -1. Let y be (6 - 12)*t/(-6). Suppose -y - 37 = -3*u. List the prime factors of u.
13
Let q = 240 - -210. What are the prime factors of q?
2, 3, 5
Let z = -3 + 3. Let j = 5 - z. Suppose -q + 72 = j*f, 0*f + 24 = 2*f + 2*q. What are the prime factors of f?
3, 5
What are the prime factors of (1014/18 - -1)/((-18)/(-189))?
2, 7, 43
Suppose p = 5*m + 449, -23*p - m + 898 = -21*p. What are the prime factors of p?
449
Let u be (-44)/55*(-30)/4. Let x = 21 - u. Suppose x = -3*w, -5*m = -3*w + 2*w - 60. What are the prime factors of m?
11
Suppose 0 = -2*j + 265 + 165. Suppose 4*i - 117 = j. What are the prime factors of i?
83
List the prime factors of 15/((-60)/8) - (-1404)/3.
2, 233
Suppose 3*m = -3*a - m + 18, -4*a + 11 = m. Suppose k - 120 = -5*z - 3*k, -a*z + 5*k = -48. Suppose o = 67 - z. List the prime factors of o.
43
Let k = 29 + 480. Let i = k + -354. List the prime factors of i.
5, 31
Let s = 3508 - 2050. What are the prime factors of s?
2, 3
Suppose 0 = 3*k + 9, 0 = 4*i + 2*k - 3*k - 107. Let p = i - 13. Let n = p - -6. What are the prime factors of n?
19
List the prime factors of ((-278694)/108)/((-1)/2) + 6.
5167
Let u(r) = 10*r - 4 + 6*r - 6*r + 3. Suppose -2*y = y - 3. What are the prime factors of u(y)?
3
What are the prime factors of (-4)/(-12) - (-1187)/3?
2, 3, 11
Let t = -102 - -882. List the prime factors of t.
2, 3, 5, 13
Let l(s) = 16*s - 8. Let u be l(-4). List the prime factors of u/(-54)*(-1 - -31).
2, 5
Let k(w) = 50*w**2 - 1. Let x(i) = i**2 - 4*i - 19. Let b be x(-3). What are the prime factors of k(b)?
199
Let t(f) be the first derivative of -f**3/3 + 11*f**2/2 - 2*f + 5. Let r be t(10). What are the prime factors of ((-30)/r + 3)*-44?
3, 11
List the prime factors of 1*-5 + 625 + -12.
2, 19
Let j(t) = 17*t + 35. Let k(g) = -155*g - 315. Let o(i) = -55*j(i) - 6*k(i). What are the prime factors of o(-15)?
2, 5
Suppose 22*v = 17*v + 345. What are the prime factors of v/9 - 8/(-24)?
2
Let i(f) = 2*f**2 + 2*f - 2. Let s(c) = c**2 + 2*c + 2. Let h be s(-3). Suppose 3*n - 3*w = 3 - 9, -h*w = -3*n. What are the prime factors of i(n)?
2, 19
Suppose 4*j - 3*c + 6960 = 24650, 0 = 3*j + 4*c - 13255. What are the prime factors of j?
4421
Let n(m) = -2*m + 3. Let q be 63/6*(-10)/15. Let i(o) = -o + 2. Let c(g) = q*n(g) + 6*i(g). What are the prime factors of c(5)?
31
Suppose 0*g = -3*g + 162. Let s = g - 24. What are the prime factors of s?
2, 3, 5
Let m(f) be the first derivative of -f**2/2 + 69*f + 3. Let k be m(0). Suppose -2*t - t = -2*l - 41, -3*l - k = -5*t. List the prime factors of t.
3, 5
Let r = 1894 + -1454. What are the prime factors of r?
2, 5, 11
Let g(b) = -b**3 - 10*b**2 - 3*b + 14. List the prime factors of g(-12).
2, 13
What are the prime factors of (2 + -3 - -322)/1?
3, 107
Suppose -2*v - 2*b = -88, -4*b = -0*v - 2*v + 58. Suppose -v = -2*s + 25. List the prime factors of s.
2
Suppose -2*x + 29 = -5*f - 22, 10 = 2*f. Suppose 0 = -2*v - d + 40, -3*v + 4*d + x = -2*v. What are the prime factors of v?
2, 11
Suppose 31*i + 2800 = 66*i. List the prime factors of i.
2, 5
Let v be (-32)/(-20) - 2/(-5). Let q = v - -2. What are the prime factors of q/18 + 2128/63?
2, 17
Let m = 32 - 26. What are the prime factors of (-2)/(-6)*m + 73?
3, 5
Let w(g) = -5*g - 5*g + 5*g - 15 - 7*g. List the prime factors of w(-7).
3, 23
Let v = -542 - -1116. What are the prime factors of v?
2, 7, 41
Let d = -504 - -2162. List the prime factors of d.
2, 829
What are the prime factors of -6 - (50/(-10) + -1249)?
2, 3, 13
Suppose -2 = g - 6. Suppose 4*u - g*h - 248 = 0, 0*h - 328 = -5*u - h. List the prime factors of u.
5, 13
Let p(s) = 2*s**3 - 15*s**2 + 32*s - 77. List the prime factors of p(13).
2, 7, 157
Let u = 320 - 157. What are the prime factors of u?
163
Suppose 4*i + 300 = -2*p, 2*p + 5*i = -p - 451. Let j be ((p/(-2))/2)/2. Suppose -3*a = -4*a + j. List the prime factors of a.
19
List the prime factors of (6/(-12))/((-3)/(-118920)*-4).
5, 991
Let s(x) = x**3 + 12*x**2 + 18*x + 28. List the prime factors of s(-7).
3, 7
Let v = 566 - 556. What are the prime factors of v?
2, 5
Let s(l) be the second derivative of -l**4/12 + 8*l**3/3 + l**2/2 - 7*l. Let h be s(11). List the prime factors of (18/(-7))/((-3)/h).
2, 3
Suppose 10 = d - 4*i + 49, 0 = 5*d + 3*i + 149. Let n = d + 48. Let a = 5 + n. What are the prime factors of a?
2, 11
Let z = -124 + 116. Let b(q) = -15*q + 16. What are the prime factors of b(z)?
2, 17
Let x(h) = -h**2 - 17*h - 4. Let a be x(-15). Suppose 0 = -4*c + 22 + a. Let f = c - 5. List the prime factors of f.
7
List the prime factors of 5/10*-4 - -4580.
2, 3, 7, 109
Suppose -4*g = 16, -3*d + 3 = 3*g - 3. Suppose -d*q + 2*q + 212 = 0. List the prime factors of q.
53
Let n(b) = -6*b**2 - b + 8. Let c be n(-4). Let o = -32 - c. Let k = 119 - o. List the prime factors of k.
67
Let i(b) = b**2 - 3*b. Let p(j) = -3*j**2 + 9*j + 1. Let n(q) = -8*i(q) - 3*p(q). Let o be (-40)/(-15)*6/(-4). What are the prime factors of n(o)?
5
Let p be (22 - 6) + 1*-4. Suppose 0 = 7*k - p*k + 170. Suppose m - k = -m. What are the prime factors of m?
17
Let c = 13 - -158. Let k = -71 + c. Suppose -5*h + k = 5*s - 55, 3*h - 2*s - 68 = 0. List the prime factors of h.
2, 13
What are the prime factors of (0 + 1)*31/(-3)*-3?
31
What are the prime factors of 3 + (-10 + -247)*(-1 - 4)?
2, 7, 23
Suppose -5*a - 20 + 80 = 0. Suppose -a + 7 = c. Let s = 24 - c. List the prime factors of s.
29
Suppose 3*v - 54 = 3*g, 3*v + 3*g - 50 = 4*g. Suppose 8*p + 0*p = 6*p. Let u = p + v. List the prime factors of u.
2
Let s(v) = 9*v**2 + 4*v - 74. List the prime factors of s(-8).
2, 5, 47
Let k(j) = j**2 + j - 56. What are the prime factors of k(-14)?
2, 3, 7
Suppose -42*l - 41172 = -89*l. List the prime factors of l.
2, 3, 73
Suppose -2*f + 8 = -4*f, 4*f = -3*a - 31. Let r be (-2 + (-2 - a))*3. Suppose r*c - 2*k - 40 = c, -4*c + 52 = 3*k. What are the prime factors of c?
2
Suppose 2*c + 7*v = 6*v + 207, -5*v = -4*c + 435. What are the prime factors of c?
3, 5, 7
Let c = -20 - -42. Let a = c + 0. List the prime factors of a.
2, 11
Suppose 0 = -65*y - 5826 + 4209